{"id":6691,"date":"2026-03-10T08:56:44","date_gmt":"2026-03-10T08:56:44","guid":{"rendered":"https:\/\/pruebas.cursopracticoseo.com\/wordpress_o\/?page_id=6691"},"modified":"2026-03-12T10:33:46","modified_gmt":"2026-03-12T10:33:46","slug":"la-musica-de-la-semana-santa-de-leon","status":"publish","type":"page","link":"https:\/\/pruebas.cursopracticoseo.com\/wordpress_o\/la-musica-de-la-semana-santa-de-leon\/","title":{"rendered":"La m\u00fasica de la Semana Santa de Le\u00f3n"},"content":{"rendered":"\t\t<div data-elementor-type=\"wp-page\" data-elementor-id=\"6691\" class=\"elementor elementor-6691\" data-elementor-post-type=\"page\">\n\t\t\t\t<div data-particle_enable=\"false\" data-particle-mobile-disabled=\"false\" class=\"elementor-element elementor-element-1ec9d51 e-flex e-con-boxed e-con e-parent\" data-id=\"1ec9d51\" data-element_type=\"container\" data-e-type=\"container\" data-settings=\"{&quot;background_background&quot;:&quot;classic&quot;}\">\n\t\t\t\t\t<div class=\"e-con-inner\">\n\t\t\t\t<div class=\"elementor-element elementor-element-1e47333 elementor-widget elementor-widget-heading\" data-id=\"1e47333\" data-element_type=\"widget\" data-e-type=\"widget\" data-widget_type=\"heading.default\">\n\t\t\t\t\t<h2 class=\"elementor-heading-title elementor-size-default\">La m\u00fasica de la Semana Santa de Le\u00f3n<\/h2>\t\t\t\t<\/div>\n\t\t\t\t\t<\/div>\n\t\t\t\t<\/div>\n\t\t<div data-particle_enable=\"false\" data-particle-mobile-disabled=\"false\" class=\"elementor-element elementor-element-5f86ffc e-flex e-con-boxed e-con e-parent\" data-id=\"5f86ffc\" data-element_type=\"container\" data-e-type=\"container\" data-settings=\"{&quot;background_background&quot;:&quot;classic&quot;}\">\n\t\t\t\t\t<div class=\"e-con-inner\">\n\t\t<div data-particle_enable=\"false\" data-particle-mobile-disabled=\"false\" class=\"elementor-element elementor-element-2a6d7f4 e-con-full e-flex e-con e-child\" data-id=\"2a6d7f4\" data-element_type=\"container\" data-e-type=\"container\">\n\t\t\t\t<div class=\"elementor-element elementor-element-8dba357 elementor-widget elementor-widget-heading\" data-id=\"8dba357\" data-element_type=\"widget\" data-e-type=\"widget\" data-widget_type=\"heading.default\">\n\t\t\t\t\t<h2 class=\"elementor-heading-title elementor-size-default\">La Semana Santa de Le\u00f3n no se entender\u00eda sin la participaci\u00f3n activa de sus formaciones musicales, integradas por personas que, movidas por la devoci\u00f3n y la tradici\u00f3n, dedican todo el a\u00f1o a ensayar.\n<\/h2>\t\t\t\t<\/div>\n\t\t\t\t<\/div>\n\t\t<div data-particle_enable=\"false\" data-particle-mobile-disabled=\"false\" class=\"elementor-element elementor-element-df34345 e-con-full e-flex e-con e-child\" data-id=\"df34345\" data-element_type=\"container\" data-e-type=\"container\">\n\t\t<div data-particle_enable=\"false\" data-particle-mobile-disabled=\"false\" class=\"elementor-element elementor-element-1772779 e-grid e-con-full e-con e-child\" data-id=\"1772779\" data-element_type=\"container\" data-e-type=\"container\">\n\t\t\t\t<div class=\"elementor-element elementor-element-ff96732 elementor-widget elementor-widget-image\" data-id=\"ff96732\" data-element_type=\"widget\" data-e-type=\"widget\" data-widget_type=\"image.default\">\n\t\t\t\t\t\t\t\t\t\t\t\t\t\t\t<img fetchpriority=\"high\" decoding=\"async\" width=\"320\" height=\"428\" src=\"https:\/\/pruebas.cursopracticoseo.com\/wordpress_o\/wp-content\/uploads\/2026\/03\/683621001.jpg\" class=\"attachment-large size-large wp-image-5626\" alt=\"\" srcset=\"https:\/\/pruebas.cursopracticoseo.com\/wordpress_o\/wp-content\/uploads\/2026\/03\/683621001.jpg 320w, https:\/\/pruebas.cursopracticoseo.com\/wordpress_o\/wp-content\/uploads\/2026\/03\/683621001-224x300.jpg 224w\" sizes=\"(max-width: 320px) 100vw, 320px\" \/>\t\t\t\t\t\t\t\t\t\t\t\t\t\t\t<\/div>\n\t\t\t\t<\/div>\n\t\t\t\t<\/div>\n\t\t\t\t\t<\/div>\n\t\t\t\t<\/div>\n\t\t<div data-particle_enable=\"false\" data-particle-mobile-disabled=\"false\" class=\"elementor-element elementor-element-f8e03ee e-flex e-con-boxed e-con e-parent\" data-id=\"f8e03ee\" data-element_type=\"container\" data-e-type=\"container\">\n\t\t\t\t\t<div class=\"e-con-inner\">\n\t\t\t\t<div class=\"elementor-element elementor-element-c1d439e elementor-widget elementor-widget-text-editor\" data-id=\"c1d439e\" data-element_type=\"widget\" data-e-type=\"widget\" data-widget_type=\"text-editor.default\">\n\t\t\t\t\t\t\t\t\t<p><span style=\"font-weight: 400;\">Estas bandas, ya sean propias de las cofrad\u00edas o de car\u00e1cter independiente, desarrollan una labor que va mucho m\u00e1s all\u00e1 de los d\u00edas de Pasi\u00f3n. A lo largo de todo el a\u00f1o participan en cert\u00e1menes, pasacalles, actos ben\u00e9ficos, jornadas de convivencia y numerosas iniciativas de car\u00e1cter social y cultural, convirti\u00e9ndose en un pilar importante dentro de la sociedad leonesa.<\/span><\/p><p><span style=\"font-weight: 400;\">Cada formaci\u00f3n cuenta adem\u00e1s con un uniforme propio, que la identifica en aquellas actividades que se celebran fuera de la Semana Santa e incluso en algunas procesiones.<\/span><\/p><p><span style=\"font-weight: 400;\">Durante d\u00e9cadas, estas agrupaciones han contribuido tambi\u00e9n a enriquecer el legado musical de la Semana Santa leonesa mediante la grabaci\u00f3n y edici\u00f3n de trabajos discogr\u00e1ficos, as\u00ed como con la creaci\u00f3n de marchas propias dedicadas a nuestra imaginer\u00eda, ampliando y preservando un repertorio que forma parte de la ciudad.<\/span><\/p><p><span style=\"font-weight: 400;\">Junto a su dimensi\u00f3n musical, desempe\u00f1an adem\u00e1s una importante labor social a trav\u00e9s de distintas actividades solidarias, colaboraciones y acciones en favor de la sociedad.\u00a0<\/span><\/p><p><span style=\"font-weight: 400;\">Por todo ello, es de justicia reconocer, valorar y agradecer la inmensa labor que realizan todas las personas que forman parte de estas bandas, cuyo esfuerzo, constancia y compromiso resultan fundamentales para la Semana Santa leonesa.<\/span><\/p>\t\t\t\t\t\t\t\t<\/div>\n\t\t\t\t<div class=\"elementor-element elementor-element-879b034 elementor-widget elementor-widget-heading\" data-id=\"879b034\" data-element_type=\"widget\" data-e-type=\"widget\" data-widget_type=\"heading.default\">\n\t\t\t\t\t<h2 class=\"elementor-heading-title elementor-size-default\">Cuando el rezo se hace canto\n<\/h2>\t\t\t\t<\/div>\n\t\t\t\t<div class=\"elementor-element elementor-element-b00b59f elementor-widget elementor-widget-text-editor\" data-id=\"b00b59f\" data-element_type=\"widget\" data-e-type=\"widget\" data-widget_type=\"text-editor.default\">\n\t\t\t\t\t\t\t\t\t<p><span style=\"font-weight: 400;\">En la Semana Santa de Le\u00f3n, el silencio no solo lo rompen las bandas; hay momentos de donde la <\/span><b>oraci\u00f3n cantada<\/b><span style=\"font-weight: 400;\"> toma el relevo. Ya sean coros, los propios papones o las personas que observan desde la acera, la voz humana es la que gu\u00eda la liturgia en la calle.<\/span><\/p><p><span style=\"font-weight: 400;\">Desde el Viernes de Dolores, en el que podemos encontrar c\u00f3mo el pueblo y los mozos cantan <\/span><b>La Salve<\/b><span style=\"font-weight: 400;\">, hasta el Domingo de Ramos, en el que podemos escuchar <\/span><b>\u201cDainos Se\u00f1or buena muerte\u201d, <\/b><span style=\"font-weight: 400;\">un rezo que data de 1734 y es cantado por mujeres durante la Inmemorial Procesi\u00f3n del Dainos, la Semana Santa de Le\u00f3n est\u00e1 atravesada por voces que acompa\u00f1an y conmueven.\u00a0<\/span><\/p><p><span style=\"font-weight: 400;\">Otro ejemplo lo encontramos el Martes Santo, frente a la Catedral, cuando las voces del <\/span><b>Orfe\u00f3n Leon\u00e9s<\/b><span style=\"font-weight: 400;\"> envuelven el acto del indulto, transformando el p\u00f3rtico en un espacio de recogimiento absoluto antes del responso final. Tambi\u00e9n encontramos momentos de profunda emoci\u00f3n en el interior de las iglesias, como cuando los braceros cantan el <\/span><b>Himno a Nuestro Padre Jes\u00fas Nazareno<\/b><span style=\"font-weight: 400;\"> antes de su salida procesional.<\/span><\/p><p><span style=\"font-weight: 400;\">Pero, sin duda, el canto m\u00e1s caracter\u00edstico y reconocible de la Semana Santa leonesa es <\/span><b>La Ronda<\/b><span style=\"font-weight: 400;\"> de la Cofrad\u00eda del Dulce Nombre de Jes\u00fas Nazareno. Se canta en la medianoche del Jueves Santo al Viernes Santo, cuando comienza la llamada a los hermanos y al pueblo para la Procesi\u00f3n de los Pasos. La f\u00f3rmula tradicional, <\/span><b>\u00abLevantaos hermanitos de Jes\u00fas, que ya es hora\u00bb<\/b><span style=\"font-weight: 400;\">, resuena en la noche leonesa como una de las expresiones m\u00e1s singulares de su tradici\u00f3n. Este canto se repite durante los llamados toques oficiales y a lo largo del recorrido nocturno por la ciudad; despu\u00e9s, ya en la ma\u00f1ana del Viernes Santo, la propia Ronda vuelve a actuar como pregonera en la Procesi\u00f3n de los Pasos.<\/span><span style=\"font-weight: 400;\"><br \/><\/span><span style=\"font-weight: 400;\"><br \/><\/span><span style=\"font-weight: 400;\">Estas voces funcionan como un <\/span><b>puente entre el pasado y el presente<\/b><span style=\"font-weight: 400;\">, permitiendo que la identidad de las cofrad\u00edas se transmita de generaci\u00f3n en generaci\u00f3n. Al margen de la m\u00fasica instrumental, el canto asegura que la tradici\u00f3n leonesa se conserve de <\/span><b>viva voz<\/b><span style=\"font-weight: 400;\">, convirtiendo las calles en un espacio donde la historia y la devoci\u00f3n se comparten de forma directa con quien se acerca a escuchar.<\/span><\/p>\t\t\t\t\t\t\t\t<\/div>\n\t\t\t\t<div class=\"elementor-element elementor-element-130d54b elementor-widget elementor-widget-heading\" data-id=\"130d54b\" data-element_type=\"widget\" data-e-type=\"widget\" data-widget_type=\"heading.default\">\n\t\t\t\t\t<h2 class=\"elementor-heading-title elementor-size-default\">Formaciones Musicales\n<\/h2>\t\t\t\t<\/div>\n\t\t\t\t<div class=\"elementor-element elementor-element-5d40a14 elementor-widget elementor-widget-heading\" data-id=\"5d40a14\" data-element_type=\"widget\" data-e-type=\"widget\" data-widget_type=\"heading.default\">\n\t\t\t\t\t<h2 class=\"elementor-heading-title elementor-size-default\">Banda de Cornetas y Tambores\n\n\n<\/h2>\t\t\t\t<\/div>\n\t\t\t\t<div class=\"elementor-element elementor-element-4ba9f5e elementor-widget elementor-widget-text-editor\" data-id=\"4ba9f5e\" data-element_type=\"widget\" data-e-type=\"widget\" data-widget_type=\"text-editor.default\">\n\t\t\t\t\t\t\t\t\t<p data-path-to-node=\"9\"><span style=\"font-weight: 400;\">Es una formaci\u00f3n musical de <\/span><b>viento-metal y percusi\u00f3n<\/b><span style=\"font-weight: 400;\"> donde el instrumento protagonista y encargado de la melod\u00eda es la <\/span><b>corneta<\/b><span style=\"font-weight: 400;\"> (habitualmente en afinaci\u00f3n Do-Re\u266d). A diferencia de las agrupaciones musicales, su sonoridad es m\u00e1s brillante y marcial. Mientras que las cornetas llevan la voz principal, otros instrumentos como trompetas, fliscornos, trombones o tubas act\u00faan como refuerzo de graves y armon\u00eda.<\/span><span style=\"font-weight: 400;\"><br \/><\/span><\/p>\t\t\t\t\t\t\t\t<\/div>\n\t\t\t\t<div class=\"elementor-element elementor-element-fb9d98b elementor-widget elementor-widget-heading\" data-id=\"fb9d98b\" data-element_type=\"widget\" data-e-type=\"widget\" data-widget_type=\"heading.default\">\n\t\t\t\t\t<h2 class=\"elementor-heading-title elementor-size-default\">Breve Historia\n<\/h2>\t\t\t\t<\/div>\n\t\t\t\t<div class=\"elementor-element elementor-element-76bf411 elementor-widget elementor-widget-text-editor\" data-id=\"76bf411\" data-element_type=\"widget\" data-e-type=\"widget\" data-widget_type=\"text-editor.default\">\n\t\t\t\t\t\t\t\t\t<p><span style=\"font-weight: 400;\">Hasta finales de los a\u00f1os 50, el acompa\u00f1amiento musical en Le\u00f3n depend\u00eda de bandas militares o municipales.<\/span><\/p><p>\u00a0<\/p><p><span style=\"font-weight: 400;\">El origen de las bandas de cofrad\u00eda en Le\u00f3n se remonta a <\/span><b>1959<\/b><span style=\"font-weight: 400;\">, cuando la <\/span><b>Real Hermandad de Jes\u00fas Divino Obrero<\/b><span style=\"font-weight: 400;\"> cre\u00f3 la primera secci\u00f3n musical integrada totalmente por hermanos con t\u00fanica.<\/span><\/p><p><span style=\"font-weight: 400;\">Durante los a\u00f1os 60,<\/span> <span style=\"font-weight: 400;\">siguiendo este modelo, otras cofrad\u00edas fundaron sus propias secciones: <\/span><b>Minerva y Vera Cruz<\/b><span style=\"font-weight: 400;\"> (1961), <\/span><b>Santa Marta<\/b><span style=\"font-weight: 400;\"> (1962), que fue la primera en ofrecer un concierto, y el <\/span><b>Dulce Nombre de Jes\u00fas Nazareno<\/b><span style=\"font-weight: 400;\"> (1962), formaci\u00f3n que lleg\u00f3 a contar con cerca de 200 componentes.<\/span><\/p><p><span style=\"font-weight: 400;\">A partir de finales de los a\u00f1os 80, la m\u00fasica procesional en Le\u00f3n experiment\u00f3 un cambio dr\u00e1stico. Se pas\u00f3 de interpretar marchas cortas y de corte puramente militar a estructuras musicales mucho m\u00e1s complejas y ricas, gracias a una evoluci\u00f3n instrumental constante.<\/span><span style=\"font-weight: 400;\"><br \/><\/span><span style=\"font-weight: 400;\"><br \/><\/span><span style=\"font-weight: 400;\">La incorporaci\u00f3n de la <\/span><b>trompeta<\/b><span style=\"font-weight: 400;\"> permiti\u00f3 superar las limitaciones de la corneta, abriendo paso a nuevas tonalidades y melod\u00edas m\u00e1s ricas. A principios de este siglo, la llegada de <\/span><b>fliscornos y bombardinos<\/b><span style=\"font-weight: 400;\"> cubri\u00f3 los registros medios, aportando una base arm\u00f3nica robusta.<\/span><\/p><p><span style=\"font-weight: 400;\">En la \u00faltima d\u00e9cada, la <\/span><b>tuba<\/b><span style=\"font-weight: 400;\"> ha terminado de completar la familia de viento, dotando a las marchas de una profundidad absoluta y envolvente. Todo ello se acompa\u00f1a de una <\/span><b>percusi\u00f3n evolucionada<\/b><span style=\"font-weight: 400;\"> que, m\u00e1s all\u00e1 del tambor y el timbal, utiliza matices orquestales como campanas tubulares, platos y timbales de concierto para elevar el dramatismo de las composiciones actuales.<\/span><\/p>\t\t\t\t\t\t\t\t<\/div>\n\t\t\t\t<div class=\"elementor-element elementor-element-b2f5813 elementor-widget elementor-widget-heading\" data-id=\"b2f5813\" data-element_type=\"widget\" data-e-type=\"widget\" data-widget_type=\"heading.default\">\n\t\t\t\t\t<h2 class=\"elementor-heading-title elementor-size-default\">Bandas de M\u00fasica\n\n\n<\/h2>\t\t\t\t<\/div>\n\t\t\t\t<div class=\"elementor-element elementor-element-2839005 elementor-widget elementor-widget-text-editor\" data-id=\"2839005\" data-element_type=\"widget\" data-e-type=\"widget\" data-widget_type=\"text-editor.default\">\n\t\t\t\t\t\t\t\t\t<p><span style=\"font-weight: 400;\">Una <\/span><b>banda de m\u00fasica<\/b><span style=\"font-weight: 400;\"> es una formaci\u00f3n musical constituida por una plantilla completa de instrumentos de <\/span><b>viento<\/b><span style=\"font-weight: 400;\"> (madera y metal) y <\/span><b>percusi\u00f3n<\/b><span style=\"font-weight: 400;\">. A diferencia de las orquestas, las bandas convencionales carecen de instrumentos de cuerda frotada (violines, violonchelos, etc.), lo que les otorga una potencia y sonoridad ideales para espacios abiertos y actos p\u00fablicos.<\/span><\/p><p data-path-to-node=\"17\">Este protocolo de reparto es tan relevante que muchas Cofrad\u00edas adquieren flores adicionales para asegurar que todos los participantes puedan conservar una muestra de la ornamentaci\u00f3n, convirtiendo el patrimonio ef\u00edmero de la procesi\u00f3n en un objeto de devoci\u00f3n privada en los hogares leoneses.<\/p>\t\t\t\t\t\t\t\t<\/div>\n\t\t\t\t<div class=\"elementor-element elementor-element-d43f7b2 elementor-widget elementor-widget-heading\" data-id=\"d43f7b2\" data-element_type=\"widget\" data-e-type=\"widget\" data-widget_type=\"heading.default\">\n\t\t\t\t\t<h2 class=\"elementor-heading-title elementor-size-default\">Breve Historia\n<\/h2>\t\t\t\t<\/div>\n\t\t\t\t<div class=\"elementor-element elementor-element-27a9deb elementor-widget elementor-widget-text-editor\" data-id=\"27a9deb\" data-element_type=\"widget\" data-e-type=\"widget\" data-widget_type=\"text-editor.default\">\n\t\t\t\t\t\t\t\t\t<p><span style=\"font-weight: 400;\">La trayectoria de las bandas de m\u00fasica en la capital leonesa marc\u00f3 un hito en <\/span><b>1988<\/b><span style=\"font-weight: 400;\"> con el nacimiento de la <\/span><b>Banda de las Siete Palabras<\/b><span style=\"font-weight: 400;\">, introduciendo una instrumentaci\u00f3n sinf\u00f3nica que aport\u00f3 una riqueza sonora in\u00e9dita hasta la fecha.\u00a0<\/span><\/p><p><span style=\"font-weight: 400;\">Estas formaciones han evolucionado hasta gestionar repertorios que abarcan desde marchas lentas y militares hasta pasodobles y villancicos, destacando la exclusividad de composiciones propias que permiten vincular la m\u00fasica con el sentimiento de pertenencia a la ciudad.<\/span><\/p><p><span style=\"font-weight: 400;\">Actualmente, la incorporaci\u00f3n de maderas como clarinetes y saxofones, junto a una secci\u00f3n de metal m\u00e1s amplia con bombardinos y tubas, permite interpretar matices que oscilan entre la sobriedad f\u00fanebre y la brillantez esperanzadora. Esta madurez t\u00e9cnica las sit\u00faa hoy como aut\u00e9nticas <\/span><b>orquestas de viento<\/b><span style=\"font-weight: 400;\">.<\/span><\/p>\t\t\t\t\t\t\t\t<\/div>\n\t\t\t\t<div class=\"elementor-element elementor-element-7564f13 elementor-widget elementor-widget-heading\" data-id=\"7564f13\" data-element_type=\"widget\" data-e-type=\"widget\" data-widget_type=\"heading.default\">\n\t\t\t\t\t<h2 class=\"elementor-heading-title elementor-size-default\">Agrupaci\u00f3n Musical\n\n\n<\/h2>\t\t\t\t<\/div>\n\t\t\t\t<div class=\"elementor-element elementor-element-99545e2 elementor-widget elementor-widget-text-editor\" data-id=\"99545e2\" data-element_type=\"widget\" data-e-type=\"widget\" data-widget_type=\"text-editor.default\">\n\t\t\t\t\t\t\t\t\t<p><span style=\"font-weight: 400;\">Una Agrupaci\u00f3n Musical es una formaci\u00f3n de viento-metal y percusi\u00f3n caracterizada por su estructura arm\u00f3nica. A diferencia de otros g\u00e9neros de m\u00fasica procesional, en esta configuraci\u00f3n la trompeta es el instrumento predominante y el encargado de ejecutar la melod\u00eda principal. El resto de la secci\u00f3n de viento, compuesta por instrumentos graves como trombones, bombardinos y tubas, realiza el acompa\u00f1amiento y la base sonora. Su rasgo distintivo en la secci\u00f3n de percusi\u00f3n es la presencia de platillos, que junto a los tambores y bombos, definen el ritmo de la formaci\u00f3n.<\/span><\/p>\t\t\t\t\t\t\t\t<\/div>\n\t\t\t\t<div class=\"elementor-element elementor-element-ba0250d elementor-widget elementor-widget-heading\" data-id=\"ba0250d\" data-element_type=\"widget\" data-e-type=\"widget\" data-widget_type=\"heading.default\">\n\t\t\t\t\t<h2 class=\"elementor-heading-title elementor-size-default\">Breve Historia\n<\/h2>\t\t\t\t<\/div>\n\t\t\t\t<div class=\"elementor-element elementor-element-dd9233c elementor-widget elementor-widget-text-editor\" data-id=\"dd9233c\" data-element_type=\"widget\" data-e-type=\"widget\" data-widget_type=\"text-editor.default\">\n\t\t\t\t\t\t\t\t\t<p><span style=\"font-weight: 400;\">El germen de este g\u00e9nero se halla en las interpretaciones de la <\/span><b>Banda de la Guardia Civil del Cuartel de Erita\u00f1a<\/b><span style=\"font-weight: 400;\"> en Sevilla. Sin embargo, fue la figura de <\/span><b>Manuel Rodr\u00edguez Ruiz<\/b><span style=\"font-weight: 400;\"> quien le dio una vuelta de tuerca definitiva al alejarse de lo puramente militar. Al frente de la <\/span><b>Agrupaci\u00f3n Santa Mar\u00eda Magdalena de El Arahal<\/b><span style=\"font-weight: 400;\">, considerada \u00abmadre y maestra\u00bb del estilo, Rodr\u00edguez Ruiz introdujo trompetas, trombones y bombardinos para crear una nueva v\u00eda de interpretaci\u00f3n de la m\u00fasica procesional.<\/span><\/p><p><span style=\"font-weight: 400;\">A partir de la d\u00e9cada de los noventa, este modelo cal\u00f3 hondo en la capital leonesa, aportando una revoluci\u00f3n al panorama cofrade local.<\/span><\/p><p><span style=\"font-weight: 400;\">La primera Agrupaci\u00f3n Musical la cre\u00f3 la <\/span><b>Cofrad\u00eda de Nuestra Se\u00f1ora de las Angustias y Soledad<\/b><span style=\"font-weight: 400;\">, abriendo el camino a las numerosas cofrad\u00edas que, en los a\u00f1os sucesivos, decidieron crear sus propias formaciones.<\/span><span style=\"font-weight: 400;\"><br \/><\/span><\/p>\t\t\t\t\t\t\t\t<\/div>\n\t\t\t\t<div class=\"elementor-element elementor-element-4715d7a elementor-widget elementor-widget-heading\" data-id=\"4715d7a\" data-element_type=\"widget\" data-e-type=\"widget\" data-widget_type=\"heading.default\">\n\t\t\t\t\t<h2 class=\"elementor-heading-title elementor-size-default\">Secciones musicales de la Semana Santa de Le\u00f3n\n\n\n<\/h2>\t\t\t\t<\/div>\n\t\t\t\t<div class=\"elementor-element elementor-element-e8a6300 elementor-widget elementor-widget-text-editor\" data-id=\"e8a6300\" data-element_type=\"widget\" data-e-type=\"widget\" data-widget_type=\"text-editor.default\">\n\t\t\t\t\t\t\t\t\t<p><span style=\"font-weight: 400;\">Agrupaci\u00f3n Musical Nuestra Se\u00f1ora de las Angustias y Soledad<\/span><\/p><p><span style=\"font-weight: 400;\">Banda de Corneta y Tambores del Dulce Nombre de Jes\u00fas Nazareno<\/span><\/p><p><span style=\"font-weight: 400;\">Banda de M\u00fasica del Dulce Nombre de Jes\u00fas Nazareno<\/span><\/p><p><span style=\"font-weight: 400;\">Agrupaci\u00f3n Musical del Dulce Nombre de Jes\u00fas Nazareno<\/span><\/p><p><span style=\"font-weight: 400;\">Secci\u00f3n Musical de la Real Cofrad\u00eda del Sant\u00edsimo Sacramento de Minerva y la Santa Vera Cruz<\/span><\/p><p><span style=\"font-weight: 400;\">Agrupaci\u00f3n Musical de la Real Hermandad de Jes\u00fas Divino Obrero\u00a0<\/span><\/p><p><span style=\"font-weight: 400;\">Banda de M\u00fasica de las Siete Palabras de Jes\u00fas en la Cruz<\/span><\/p><p><span style=\"font-weight: 400;\">Banda de M\u00fasica del Santo Cristo del Perd\u00f3n<\/span><\/p><p><span style=\"font-weight: 400;\">Agrupaci\u00f3n Musical del Santo Cristo de la Bienaventuranza<\/span><\/p><p><span style=\"font-weight: 400;\">Secci\u00f3n Musical de la cofrad\u00eda del Santo Cristo del Desenclavo<\/span><\/p><p><span style=\"font-weight: 400;\">Agrupaci\u00f3n Musical de la Cofrad\u00eda del Santo Sepulcro &#8211; Esperanza de la Vida<\/span><\/p><p><span style=\"font-weight: 400;\">Agrupaci\u00f3n Musical Cristo del Gran Poder<\/span><\/p><p><span style=\"font-weight: 400;\">Banda de Cornetas y Tambores Sant\u00edsimo Cristo de la Victoria<\/span><\/p><p><span style=\"font-weight: 400;\">Banda de Cornetas y Tambores Nuestra Se\u00f1ora de la Soledad<\/span><\/p><p><span style=\"font-weight: 400;\">Banda de Cornetas y Tambores Nuestra Se\u00f1ora del Carmen de San Mart\u00edn<\/span><\/p><p><span style=\"font-weight: 400;\">Banda de M\u00fasica Reino de Le\u00f3n<\/span><\/p>\t\t\t\t\t\t\t\t<\/div>\n\t\t\t\t\t<\/div>\n\t\t\t\t<\/div>\n\t\t\t\t<\/div>\n\t\t","protected":false},"excerpt":{"rendered":"<p>La Semana Santa de Le\u00f3n no se entender\u00eda sin la participaci\u00f3n activa de sus formaciones musicales, integradas por personas que, movidas por la devoci\u00f3n y la tradici\u00f3n, dedican todo el a\u00f1o a ensayar. Estas bandas, ya sean propias de las cofrad\u00edas o de car\u00e1cter independiente, desarrollan una labor que va mucho m\u00e1s all\u00e1 de los [&hellip;]<\/p>\n","protected":false},"author":1,"featured_media":5368,"parent":0,"menu_order":0,"comment_status":"closed","ping_status":"closed","template":"elementor_header_footer","meta":{"footnotes":""},"class_list":["post-6691","page","type-page","status-publish","has-post-thumbnail","hentry"],"_links":{"self":[{"href":"https:\/\/pruebas.cursopracticoseo.com\/wordpress_o\/wp-json\/wp\/v2\/pages\/6691","targetHints":{"allow":["GET"]}}],"collection":[{"href":"https:\/\/pruebas.cursopracticoseo.com\/wordpress_o\/wp-json\/wp\/v2\/pages"}],"about":[{"href":"https:\/\/pruebas.cursopracticoseo.com\/wordpress_o\/wp-json\/wp\/v2\/types\/page"}],"author":[{"embeddable":true,"href":"https:\/\/pruebas.cursopracticoseo.com\/wordpress_o\/wp-json\/wp\/v2\/users\/1"}],"replies":[{"embeddable":true,"href":"https:\/\/pruebas.cursopracticoseo.com\/wordpress_o\/wp-json\/wp\/v2\/comments?post=6691"}],"version-history":[{"count":13,"href":"https:\/\/pruebas.cursopracticoseo.com\/wordpress_o\/wp-json\/wp\/v2\/pages\/6691\/revisions"}],"predecessor-version":[{"id":6885,"href":"https:\/\/pruebas.cursopracticoseo.com\/wordpress_o\/wp-json\/wp\/v2\/pages\/6691\/revisions\/6885"}],"wp:featuredmedia":[{"embeddable":true,"href":"https:\/\/pruebas.cursopracticoseo.com\/wordpress_o\/wp-json\/wp\/v2\/media\/5368"}],"wp:attachment":[{"href":"https:\/\/pruebas.cursopracticoseo.com\/wordpress_o\/wp-json\/wp\/v2\/media?parent=6691"}],"curies":[{"name":"wp","href":"https:\/\/api.w.org\/{rel}","templated":true}]}}