{"id":248,"date":"2026-01-19T15:19:31","date_gmt":"2026-01-19T15:19:31","guid":{"rendered":"https:\/\/pruebas.cursopracticoseo.com\/wordpress_o\/?page_id=248"},"modified":"2026-03-04T19:04:14","modified_gmt":"2026-03-04T19:04:14","slug":"politica-de-privacidad","status":"publish","type":"page","link":"https:\/\/pruebas.cursopracticoseo.com\/wordpress_o\/politica-de-privacidad\/","title":{"rendered":"Pol\u00edtica de privacidad"},"content":{"rendered":"\t\t<div data-elementor-type=\"wp-page\" data-elementor-id=\"248\" class=\"elementor elementor-248\" data-elementor-post-type=\"page\">\n\t\t\t\t<div data-particle_enable=\"false\" data-particle-mobile-disabled=\"false\" class=\"elementor-element elementor-element-dbc2fe1 e-flex e-con-boxed e-con e-parent\" data-id=\"dbc2fe1\" data-element_type=\"container\" data-e-type=\"container\" data-settings=\"{&quot;background_background&quot;:&quot;gradient&quot;}\">\n\t\t\t\t\t<div class=\"e-con-inner\">\n\t\t\t\t<div class=\"elementor-element elementor-element-67ab9cb elementor-widget elementor-widget-heading\" data-id=\"67ab9cb\" data-element_type=\"widget\" data-e-type=\"widget\" data-widget_type=\"heading.default\">\n\t\t\t\t\t<h2 class=\"elementor-heading-title elementor-size-default\">Pol\u00edtica de privacidad<\/h2>\t\t\t\t<\/div>\n\t\t\t\t\t<\/div>\n\t\t\t\t<\/div>\n\t\t<div data-particle_enable=\"false\" data-particle-mobile-disabled=\"false\" class=\"elementor-element elementor-element-a75a1eb e-flex e-con-boxed e-con e-parent\" data-id=\"a75a1eb\" data-element_type=\"container\" data-e-type=\"container\">\n\t\t\t\t\t<div class=\"e-con-inner\">\n\t\t\t\t<div class=\"elementor-element elementor-element-c8a4371 elementor-widget elementor-widget-text-editor\" data-id=\"c8a4371\" data-element_type=\"widget\" data-e-type=\"widget\" data-widget_type=\"text-editor.default\">\n\t\t\t\t\t\t\t\t\t<blockquote><blockquote><strong>1.- Informaci\u00f3n general<\/strong><\/blockquote><p>La presente \u00abpol\u00edtica de privacidad y protecci\u00f3n de datos\u00bb tiene como finalidad dar a conocer las condiciones que rigen la recogida y tratamiento de sus datos personales por parte de nuestra entidad o grupo corporativo para velar por los derechos fundamentales, su honor y libertades, todo ello en cumplimiento de las normativas vigentes que regulan la protecci\u00f3n de datos personales seg\u00fan la uni\u00f3n europea y el estado miembro espa\u00f1ol.<br \/>En conformidad con dichas normativas, necesitamos disponer de su autorizaci\u00f3n y consentimiento para la recogida y el tratamiento de sus datos personales, por lo que a continuaci\u00f3n, le indicamos todos los detalles de su inter\u00e9s respecto a c\u00f3mo realizamos estos procesos, con qu\u00e9 finalidades, que otras entidades podr\u00edan tener acceso a sus datos y cu\u00e1les son sus derechos.<br \/>Por todo lo expuesto, una vez revisada y le\u00edda nuestra pol\u00edtica de protecci\u00f3n de datos, es imprescindible que la acepte en prueba de su conformidad y consentimiento.<br \/><br \/><\/p><blockquote><strong>2.- Responsable del tratamiento<\/strong><\/blockquote><p>El responsable del tratamiento de datos es aquella persona f\u00edsica o jur\u00eddica, de naturaleza p\u00fablica o privada, u \u00f3rgano administrativo, que solo o conjuntamente con otros determine los fines y medios del tratamiento de datos personales; en caso de que los fines y medios del tratamiento est\u00e9n determinados por el derecho de la uni\u00f3n europea o del estado miembro espa\u00f1ol.<br \/>En este caso, nuestros datos identificativos como responsable del tratamiento son los siguientes:<strong>JUNTA MAYOR DE COFRAD\u00cdAS Y HERMANDADES DE LA SEMANA SANTA DE LE\u00d3N<\/strong>\u00a0&#8211; CIF G24076259<br \/>Puede contactar con nosotros en:<\/p><blockquote><strong>Plaza Mayor, n\u00ba 1, 2\u00ba planta (Consistorio Viejo)<br \/><\/strong><strong>Apartado de Correos 4007 \u2013 24080 \u2013 Le\u00f3n<br \/><\/strong><strong>Tel\u00e9fono Secretar\u00eda: 686 149 444<br \/><\/strong><strong>e-mail: juntamayor.leon@gmail.com<\/strong><\/blockquote><p>\u00a0<\/p><blockquote><strong>3.- Medidas de seguridad<\/strong><\/blockquote><p><strong>JUNTA MAYOR DE COFRAD\u00cdAS Y HERMANDADES DE LA SEMANA SANTA DE LE\u00d3N<\/strong>\u00a0adopta las medidas organizativas y t\u00e9cnicas necesarias para garantizar la seguridad y la privacidad de sus datos, evitar su alteraci\u00f3n, p\u00e9rdida, tratamiento o acceso no autorizado, dependiendo del estado de la tecnolog\u00eda, la naturaleza de los datos almacenado y los riesgos a que est\u00e1n expuestos.<br \/>Entre otras, destacan las siguientes medidas:<\/p><blockquote>1. garantizar la confidencialidad, integridad, disponibilidad y resiliencia permanentes de los sistemas y servicios de tratamiento.<br \/>2. restaurar la disponibilidad y el acceso a los datos personales de forma r\u00e1pida, en caso de incidente f\u00edsico o t\u00e9cnico.<br \/>3. verificar, evaluar y valorar, de forma regular, la eficacia de las medidas t\u00e9cnicas y organizativas implementadas para garantizar la seguridad del tratamiento.<br \/>4. seudonimizar y cifrar los datos personales, en caso de que se trate de datos sensibles.<\/blockquote><p>Adem\u00e1s de estas medidas, con la intenci\u00f3n de reforzar la seguridad y la privacidad, estamos adheridos a:<br \/><br \/><\/p><blockquote><strong>4.- Finalidad del tratamiento<\/strong><\/blockquote><p>Necesitamos su autorizaci\u00f3n y consentimiento para recabar y tratar sus datos personales, por lo que a continuaci\u00f3n le detallamos los usos y finalidades previstas.<br \/>marketing, y publicidad; gesti\u00f3n de asociados o miembros con finalidades sin \u00e1nimo de lucro en el \u00e1mbito religioso; gesti\u00f3n y contacto con usuarios; comunicaciones comerciales. servicios a cofrades e interesados.<br \/>Utilizamos sus datos durante el tiempo estrictamente necesario para cumplir las finalidades indicadas anteriormente. salvo que exista una obligaci\u00f3n o requerimiento legal, los plazos de conservaci\u00f3n previstos son: durante un plazo de 5 a\u00f1os a partir de la fecha de baja.<br \/><br \/><\/p><blockquote><strong>5.- Legitimaci\u00f3n del tratamiento<\/strong><\/blockquote><p>La recogida y el tratamiento de sus datos est\u00e1 legitimado siempre por una o varias bases jur\u00eddicas, las cuales detallamos a continuaci\u00f3n:<br \/>marketing y comunicaciones: consentimiento expl\u00edcito del interesado; existencia de una relaci\u00f3n contractual con el interesado mediante contrato o precontrato.<br \/><br \/><\/p><blockquote><strong>6.- Destinatarios de sus datos<\/strong><\/blockquote><p>No realizamos cesiones de sus datos a terceras personas ni entidades.<br \/>No realizamos transferencias internacionales de sus datos.<br \/><br \/><\/p><blockquote><strong>7.- Procedencia y tipos de datos tratados<\/strong><\/blockquote><p>Provienen de su inscripci\u00f3n.<br \/>Finalidades:<br \/>marketing, publicidad y prospecci\u00f3n comercial<br \/>gesti\u00f3n de asociados o miembros en finalidades sin \u00e1nimo de lucro en el \u00e1mbito religioso<br \/>gesti\u00f3n y contacto con usuarios comunicaciones comerciales<br \/><br \/><\/p><blockquote><strong>8.- Derechos de los interesados<\/strong><\/blockquote><p>La normativa vigente de protecci\u00f3n de datos le ampara en una serie de derechos en relaci\u00f3n al uso que le damos a sus datos. todos y cada uno de sus derechos son unipersonales e intransferibles, es decir, que \u00fanicamente pueden ser realizados por el titular de los datos, previa comprobaci\u00f3n de su identidad.<br \/>A continuaci\u00f3n, te indicamos cuales son los derechos que le asisten:<\/p><blockquote>+ solicitar el acceso a sus datos personales<br \/>+ solicitar la rectificaci\u00f3n de sus datos<br \/>+ solicitar la supresi\u00f3n o eliminaci\u00f3n de sus datos (derecho al \u00abolvido\u00bb) limitar u oponerte al uso que le damos a sus datos<br \/>+ derecho a la portabilidad de sus datos para casos de servicios de telecomunicaciones o internet.<br \/>+ derecho a retirar su consentimiento en cualquier momento<br \/>+ derecho a presentar una reclamaci\u00f3n en materia de protecci\u00f3n de datos ante la autoridad de control: agencia espa\u00f1ola de protecci\u00f3n de datos<\/blockquote><p>Para el ejercicio de sus derechos de acceso, rectificaci\u00f3n, supresi\u00f3n, limitaci\u00f3n u oposici\u00f3n, portabilidad y retirada de su consentimiento, puede hacerlo de la siguiente forma:<\/p><blockquote>Responsable:\u00a0<strong>JUNTA MAYOR DE COFRAD\u00cdAS Y HERMANDADES DE LA SEMANA SANTA DE LE\u00d3N<br \/><\/strong>direcci\u00f3n:\u00a0<strong>Plaza Mayor, n\u00ba 1, 2\u00ba planta (Consistorio Viejo), apartado de Correos 4007 \u2013 24080 &#8211; Le\u00f3n<br \/><\/strong>e-mail:\u00a0<strong>juntamayor.leon@gmail.com<\/strong><\/blockquote><p>Adem\u00e1s de los derechos que le asisten, si cree que sus datos no se est\u00e1n recabando o tratando conforme a la normativa vigente de protecci\u00f3n de datos, usted podr\u00e1 realizar una reclamaci\u00f3n ante la autoridad de control, cuyos datos de contacto indicamos a continuaci\u00f3n:<\/p><blockquote><strong>Agencia espa\u00f1ola de protecci\u00f3n de datos<br \/><\/strong>C\/. Jorge Juan, 6. 28001, Madrid<br \/>email: info@agpd.es &#8211; tel\u00e9fono: 912663517<br \/>web: https:\/\/www.agpd.es<\/blockquote><p>\u00a0<\/p><blockquote><strong>9.- Consentimiento y aceptaci\u00f3n<\/strong><\/blockquote><p>La aceptaci\u00f3n del presente documento indica que usted entiende, acepta todas las cl\u00e1usulas de nuestra pol\u00edtica de privacidad por lo que autoriza la recogida y el tratamiento de sus datos personales en estos t\u00e9rminos. Esta aceptaci\u00f3n se realiza mediante la activaci\u00f3n de la casilla de verificaci\u00f3n de \u00ablectura y aceptaci\u00f3n\u00bb de nuestra pol\u00edtica de privacidad.<\/p><\/blockquote>\t\t\t\t\t\t\t\t<\/div>\n\t\t\t\t\t<\/div>\n\t\t\t\t<\/div>\n\t\t\t\t<\/div>\n\t\t","protected":false},"excerpt":{"rendered":"<p>1.- Informaci\u00f3n general La presente \u00abpol\u00edtica de privacidad y protecci\u00f3n de datos\u00bb tiene como finalidad dar a conocer las condiciones que rigen la recogida y tratamiento de sus datos personales por parte de nuestra entidad o grupo corporativo para velar por los derechos fundamentales, su honor y libertades, todo ello en cumplimiento de las normativas [&hellip;]<\/p>\n","protected":false},"author":1,"featured_media":0,"parent":0,"menu_order":0,"comment_status":"closed","ping_status":"closed","template":"elementor_header_footer","meta":{"footnotes":""},"class_list":["post-248","page","type-page","status-publish","hentry"],"_links":{"self":[{"href":"https:\/\/pruebas.cursopracticoseo.com\/wordpress_o\/wp-json\/wp\/v2\/pages\/248","targetHints":{"allow":["GET"]}}],"collection":[{"href":"https:\/\/pruebas.cursopracticoseo.com\/wordpress_o\/wp-json\/wp\/v2\/pages"}],"about":[{"href":"https:\/\/pruebas.cursopracticoseo.com\/wordpress_o\/wp-json\/wp\/v2\/types\/page"}],"author":[{"embeddable":true,"href":"https:\/\/pruebas.cursopracticoseo.com\/wordpress_o\/wp-json\/wp\/v2\/users\/1"}],"replies":[{"embeddable":true,"href":"https:\/\/pruebas.cursopracticoseo.com\/wordpress_o\/wp-json\/wp\/v2\/comments?post=248"}],"version-history":[{"count":7,"href":"https:\/\/pruebas.cursopracticoseo.com\/wordpress_o\/wp-json\/wp\/v2\/pages\/248\/revisions"}],"predecessor-version":[{"id":5692,"href":"https:\/\/pruebas.cursopracticoseo.com\/wordpress_o\/wp-json\/wp\/v2\/pages\/248\/revisions\/5692"}],"wp:attachment":[{"href":"https:\/\/pruebas.cursopracticoseo.com\/wordpress_o\/wp-json\/wp\/v2\/media?parent=248"}],"curies":[{"name":"wp","href":"https:\/\/api.w.org\/{rel}","templated":true}]}}

Política de privacidad

<div data-elementor-type="wp-page" data-elementor-id="248" class="elementor elementor-248" data-elementor-post-type="page">
				<div data-particle_enable="false" data-particle-mobile-disabled="false" class="elementor-element elementor-element-dbc2fe1 e-flex e-con-boxed e-con e-parent" data-id="dbc2fe1" data-element_type="container" data-e-type="container" data-settings="{&quot;background_background&quot;:&quot;gradient&quot;}">
					<div class="e-con-inner">
				<div class="elementor-element elementor-element-67ab9cb elementor-widget elementor-widget-heading" data-id="67ab9cb" data-element_type="widget" data-e-type="widget" data-widget_type="heading.default">
					<h2 class="elementor-heading-title elementor-size-default">Política de privacidad</h2>				</div>
					</div>
				</div>
		<div data-particle_enable="false" data-particle-mobile-disabled="false" class="elementor-element elementor-element-a75a1eb e-flex e-con-boxed e-con e-parent" data-id="a75a1eb" data-element_type="container" data-e-type="container">
					<div class="e-con-inner">
				<div class="elementor-element elementor-element-c8a4371 elementor-widget elementor-widget-text-editor" data-id="c8a4371" data-element_type="widget" data-e-type="widget" data-widget_type="text-editor.default">
									<blockquote><blockquote><strong>1.- Información general</strong></blockquote><p>La presente «política de privacidad y protección de datos» tiene como finalidad dar a conocer las condiciones que rigen la recogida y tratamiento de sus datos personales por parte de nuestra entidad o grupo corporativo para velar por los derechos fundamentales, su honor y libertades, todo ello en cumplimiento de las normativas vigentes que regulan la protección de datos personales según la unión europea y el estado miembro español.<br />En conformidad con dichas normativas, necesitamos disponer de su autorización y consentimiento para la recogida y el tratamiento de sus datos personales, por lo que a continuación, le indicamos todos los detalles de su interés respecto a cómo realizamos estos procesos, con qué finalidades, que otras entidades podrían tener acceso a sus datos y cuáles son sus derechos.<br />Por todo lo expuesto, una vez revisada y leída nuestra política de protección de datos, es imprescindible que la acepte en prueba de su conformidad y consentimiento.<br /><br /></p><blockquote><strong>2.- Responsable del tratamiento</strong></blockquote><p>El responsable del tratamiento de datos es aquella persona física o jurídica, de naturaleza pública o privada, u órgano administrativo, que solo o conjuntamente con otros determine los fines y medios del tratamiento de datos personales; en caso de que los fines y medios del tratamiento estén determinados por el derecho de la unión europea o del estado miembro español.<br />En este caso, nuestros datos identificativos como responsable del tratamiento son los siguientes:<strong>JUNTA MAYOR DE COFRADÍAS Y HERMANDADES DE LA SEMANA SANTA DE LEÓN</strong> &#8211; CIF G24076259<br />Puede contactar con nosotros en:</p><blockquote><strong>Plaza Mayor, nº 1, 2º planta (Consistorio Viejo)<br /></strong><strong>Apartado de Correos 4007 – 24080 – León<br /></strong><strong>Teléfono Secretaría: 686 149 444<br /></strong><strong>e-mail: juntamayor.leon@gmail.com</strong></blockquote><p> </p><blockquote><strong>3.- Medidas de seguridad</strong></blockquote><p><strong>JUNTA MAYOR DE COFRADÍAS Y HERMANDADES DE LA SEMANA SANTA DE LEÓN</strong> adopta las medidas organizativas y técnicas necesarias para garantizar la seguridad y la privacidad de sus datos, evitar su alteración, pérdida, tratamiento o acceso no autorizado, dependiendo del estado de la tecnología, la naturaleza de los datos almacenado y los riesgos a que están expuestos.<br />Entre otras, destacan las siguientes medidas:</p><blockquote>1. garantizar la confidencialidad, integridad, disponibilidad y resiliencia permanentes de los sistemas y servicios de tratamiento.<br />2. restaurar la disponibilidad y el acceso a los datos personales de forma rápida, en caso de incidente físico o técnico.<br />3. verificar, evaluar y valorar, de forma regular, la eficacia de las medidas técnicas y organizativas implementadas para garantizar la seguridad del tratamiento.<br />4. seudonimizar y cifrar los datos personales, en caso de que se trate de datos sensibles.</blockquote><p>Además de estas medidas, con la intención de reforzar la seguridad y la privacidad, estamos adheridos a:<br /><br /></p><blockquote><strong>4.- Finalidad del tratamiento</strong></blockquote><p>Necesitamos su autorización y consentimiento para recabar y tratar sus datos personales, por lo que a continuación le detallamos los usos y finalidades previstas.<br />marketing, y publicidad; gestión de asociados o miembros con finalidades sin ánimo de lucro en el ámbito religioso; gestión y contacto con usuarios; comunicaciones comerciales. servicios a cofrades e interesados.<br />Utilizamos sus datos durante el tiempo estrictamente necesario para cumplir las finalidades indicadas anteriormente. salvo que exista una obligación o requerimiento legal, los plazos de conservación previstos son: durante un plazo de 5 años a partir de la fecha de baja.<br /><br /></p><blockquote><strong>5.- Legitimación del tratamiento</strong></blockquote><p>La recogida y el tratamiento de sus datos está legitimado siempre por una o varias bases jurídicas, las cuales detallamos a continuación:<br />marketing y comunicaciones: consentimiento explícito del interesado; existencia de una relación contractual con el interesado mediante contrato o precontrato.<br /><br /></p><blockquote><strong>6.- Destinatarios de sus datos</strong></blockquote><p>No realizamos cesiones de sus datos a terceras personas ni entidades.<br />No realizamos transferencias internacionales de sus datos.<br /><br /></p><blockquote><strong>7.- Procedencia y tipos de datos tratados</strong></blockquote><p>Provienen de su inscripción.<br />Finalidades:<br />marketing, publicidad y prospección comercial<br />gestión de asociados o miembros en finalidades sin ánimo de lucro en el ámbito religioso<br />gestión y contacto con usuarios comunicaciones comerciales<br /><br /></p><blockquote><strong>8.- Derechos de los interesados</strong></blockquote><p>La normativa vigente de protección de datos le ampara en una serie de derechos en relación al uso que le damos a sus datos. todos y cada uno de sus derechos son unipersonales e intransferibles, es decir, que únicamente pueden ser realizados por el titular de los datos, previa comprobación de su identidad.<br />A continuación, te indicamos cuales son los derechos que le asisten:</p><blockquote>+ solicitar el acceso a sus datos personales<br />+ solicitar la rectificación de sus datos<br />+ solicitar la supresión o eliminación de sus datos (derecho al «olvido») limitar u oponerte al uso que le damos a sus datos<br />+ derecho a la portabilidad de sus datos para casos de servicios de telecomunicaciones o internet.<br />+ derecho a retirar su consentimiento en cualquier momento<br />+ derecho a presentar una reclamación en materia de protección de datos ante la autoridad de control: agencia española de protección de datos</blockquote><p>Para el ejercicio de sus derechos de acceso, rectificación, supresión, limitación u oposición, portabilidad y retirada de su consentimiento, puede hacerlo de la siguiente forma:</p><blockquote>Responsable: <strong>JUNTA MAYOR DE COFRADÍAS Y HERMANDADES DE LA SEMANA SANTA DE LEÓN<br /></strong>dirección: <strong>Plaza Mayor, nº 1, 2º planta (Consistorio Viejo), apartado de Correos 4007 – 24080 &#8211; León<br /></strong>e-mail: <strong>juntamayor.leon@gmail.com</strong></blockquote><p>Además de los derechos que le asisten, si cree que sus datos no se están recabando o tratando conforme a la normativa vigente de protección de datos, usted podrá realizar una reclamación ante la autoridad de control, cuyos datos de contacto indicamos a continuación:</p><blockquote><strong>Agencia española de protección de datos<br /></strong>C/. Jorge Juan, 6. 28001, Madrid<br />email: info@agpd.es &#8211; teléfono: 912663517<br />web: https://www.agpd.es</blockquote><p> </p><blockquote><strong>9.- Consentimiento y aceptación</strong></blockquote><p>La aceptación del presente documento indica que usted entiende, acepta todas las cláusulas de nuestra política de privacidad por lo que autoriza la recogida y el tratamiento de sus datos personales en estos términos. Esta aceptación se realiza mediante la activación de la casilla de verificación de «lectura y aceptación» de nuestra política de privacidad.</p></blockquote>								</div>
					</div>
				</div>
				</div>

<p>1.- Información general La presente «política de privacidad y protección de datos» tiene como finalidad dar a conocer las condiciones que rigen la recogida y tratamiento de sus datos personales por parte de nuestra entidad o grupo corporativo para velar por los derechos fundamentales, su honor y libertades, todo ello en cumplimiento de las normativas [&hellip;]</p>
