{"id":8,"date":"2025-10-21T11:43:38","date_gmt":"2025-10-21T11:43:38","guid":{"rendered":"https:\/\/pruebas.cursopracticoseo.com\/?page_id=8"},"modified":"2025-11-05T13:43:28","modified_gmt":"2025-11-05T13:43:28","slug":"elementor-8","status":"publish","type":"page","link":"https:\/\/pruebas.cursopracticoseo.com\/","title":{"rendered":"inicio"},"content":{"rendered":"\t\t<div data-elementor-type=\"wp-post\" data-elementor-id=\"8\" class=\"elementor elementor-8\" data-elementor-post-type=\"page\">\n\t\t\t\t<div class=\"elementor-element elementor-element-065c791 e-con-full e-flex e-con e-parent\" data-id=\"065c791\" data-element_type=\"container\">\n\t\t\t\t<div class=\"elementor-element elementor-element-bb0a1f8 elementor--h-position-center elementor--v-position-middle elementor-arrows-position-inside elementor-pagination-position-inside elementor-widget elementor-widget-slides\" data-id=\"bb0a1f8\" data-element_type=\"widget\" data-settings=\"{&quot;navigation&quot;:&quot;both&quot;,&quot;autoplay&quot;:&quot;yes&quot;,&quot;pause_on_hover&quot;:&quot;yes&quot;,&quot;pause_on_interaction&quot;:&quot;yes&quot;,&quot;autoplay_speed&quot;:5000,&quot;infinite&quot;:&quot;yes&quot;,&quot;transition&quot;:&quot;slide&quot;,&quot;transition_speed&quot;:500}\" data-widget_type=\"slides.default\">\n\t\t\t\t\t\t\t\t\t\t<div class=\"elementor-slides-wrapper elementor-main-swiper swiper\" role=\"region\" aria-roledescription=\"carousel\" aria-label=\"Diapositivas\" dir=\"ltr\" data-animation=\"fadeInUp\">\n\t\t\t\t<div class=\"swiper-wrapper elementor-slides\">\n\t\t\t\t\t\t\t\t\t\t<div class=\"elementor-repeater-item-fc6fee6 swiper-slide\" role=\"group\" aria-roledescription=\"slide\"><div class=\"swiper-slide-bg\" role=\"img\" aria-label=\"Captura de pantalla 2025-10-24 a las 12.29.01\"><\/div><div class=\"elementor-background-overlay\"><\/div><div class=\"swiper-slide-inner\" ><div class=\"swiper-slide-contents\"><div class=\"elementor-slide-description\">ESTUCOS LUIS PRIETO<\/div><\/div><\/div><\/div>\t\t\t\t<\/div>\n\t\t\t\t\t\t\t<\/div>\n\t\t\t\t\t\t\t\t<\/div>\n\t\t\t\t<\/div>\n\t\t<div class=\"elementor-element elementor-element-a8f9861 e-flex e-con-boxed elementor-invisible e-con e-parent\" data-id=\"a8f9861\" data-element_type=\"container\" data-settings=\"{&quot;background_background&quot;:&quot;classic&quot;,&quot;animation&quot;:&quot;fadeIn&quot;}\">\n\t\t\t\t\t<div class=\"e-con-inner\">\n\t\t<div class=\"elementor-element elementor-element-4635569 e-con-full e-flex e-con e-child\" data-id=\"4635569\" data-element_type=\"container\">\n\t\t\t\t<div class=\"elementor-element elementor-element-adc67e3 elementor-widget elementor-widget-heading\" data-id=\"adc67e3\" data-element_type=\"widget\" data-widget_type=\"heading.default\">\n\t\t\t\t\t<h2 class=\"elementor-heading-title elementor-size-default\">ESTUCOS LUIS PRIETO<\/h2>\t\t\t\t<\/div>\n\t\t\t\t<div class=\"elementor-element elementor-element-061c48b elementor-widget elementor-widget-heading\" data-id=\"061c48b\" data-element_type=\"widget\" data-widget_type=\"heading.default\">\n\t\t\t\t\t<h2 class=\"elementor-heading-title elementor-size-default\">SOBRE EL TALLER<\/h2>\t\t\t\t<\/div>\n\t\t\t\t<div class=\"elementor-element elementor-element-13a7771 elementor-widget elementor-widget-text-editor\" data-id=\"13a7771\" data-element_type=\"widget\" data-widget_type=\"text-editor.default\">\n\t\t\t\t\t\t\t\t\t<p data-start=\"566\" data-end=\"1022\">Desde el coraz\u00f3n de Madrid, <em data-start=\"594\" data-end=\"615\">Estucos Luis Prieto<\/em> mantiene viva una tradici\u00f3n familiar que combina arte, t\u00e9cnica y respeto por los materiales. Nacido en Le\u00f3n y formado en algunos de los centros m\u00e1s prestigiosos de Europa \u2014como el Instituto Van der Kelen de Bruselas o Les Ateliers du Beaucet en Francia\u2014, <strong data-start=\"871\" data-end=\"893\">Luis Prieto Prieto<\/strong> ha dedicado su vida al estudio, la recuperaci\u00f3n y la creaci\u00f3n de revestimientos decorativos con valor art\u00edstico y patrimonial.<\/p><p data-start=\"1024\" data-end=\"1457\">\u00a0<\/p>\t\t\t\t\t\t\t\t<\/div>\n\t\t\t\t<\/div>\n\t\t<div class=\"elementor-element elementor-element-31b2688 e-con-full e-flex e-con e-child\" data-id=\"31b2688\" data-element_type=\"container\">\n\t\t\t\t<div class=\"elementor-element elementor-element-59ba9ed elementor-widget elementor-widget-image\" data-id=\"59ba9ed\" data-element_type=\"widget\" data-widget_type=\"image.default\">\n\t\t\t\t\t\t\t\t\t\t\t\t\t\t\t<img fetchpriority=\"high\" decoding=\"async\" width=\"642\" height=\"440\" src=\"https:\/\/pruebas.cursopracticoseo.com\/wp-content\/uploads\/2025\/10\/Captura-de-pantalla-2025-10-24-a-las-12.34.37.png\" class=\"attachment-large size-large wp-image-138\" alt=\"\" srcset=\"https:\/\/pruebas.cursopracticoseo.com\/wp-content\/uploads\/2025\/10\/Captura-de-pantalla-2025-10-24-a-las-12.34.37.png 642w, https:\/\/pruebas.cursopracticoseo.com\/wp-content\/uploads\/2025\/10\/Captura-de-pantalla-2025-10-24-a-las-12.34.37-300x206.png 300w\" sizes=\"(max-width: 642px) 100vw, 642px\" \/>\t\t\t\t\t\t\t\t\t\t\t\t\t\t\t<\/div>\n\t\t\t\t<\/div>\n\t\t\t\t\t<\/div>\n\t\t\t\t<\/div>\n\t\t<div class=\"elementor-element elementor-element-cf3e987 e-flex e-con-boxed e-con e-parent\" data-id=\"cf3e987\" data-element_type=\"container\" data-settings=\"{&quot;background_background&quot;:&quot;classic&quot;}\">\n\t\t\t\t\t<div class=\"e-con-inner\">\n\t\t<div class=\"elementor-element elementor-element-78f1550 e-con-full e-flex e-con e-child\" data-id=\"78f1550\" data-element_type=\"container\">\n\t\t\t\t<div class=\"elementor-element elementor-element-d256cf6 elementor-widget elementor-widget-image\" data-id=\"d256cf6\" data-element_type=\"widget\" data-widget_type=\"image.default\">\n\t\t\t\t\t\t\t\t\t\t\t\t\t\t\t<img decoding=\"async\" width=\"800\" height=\"598\" src=\"https:\/\/pruebas.cursopracticoseo.com\/wp-content\/uploads\/2025\/10\/Captura-de-pantalla-2025-10-24-a-las-12.33.24-1024x766.png\" class=\"attachment-large size-large wp-image-145\" alt=\"\" srcset=\"https:\/\/pruebas.cursopracticoseo.com\/wp-content\/uploads\/2025\/10\/Captura-de-pantalla-2025-10-24-a-las-12.33.24-1024x766.png 1024w, https:\/\/pruebas.cursopracticoseo.com\/wp-content\/uploads\/2025\/10\/Captura-de-pantalla-2025-10-24-a-las-12.33.24-300x224.png 300w, https:\/\/pruebas.cursopracticoseo.com\/wp-content\/uploads\/2025\/10\/Captura-de-pantalla-2025-10-24-a-las-12.33.24-768x575.png 768w, https:\/\/pruebas.cursopracticoseo.com\/wp-content\/uploads\/2025\/10\/Captura-de-pantalla-2025-10-24-a-las-12.33.24-1536x1149.png 1536w, https:\/\/pruebas.cursopracticoseo.com\/wp-content\/uploads\/2025\/10\/Captura-de-pantalla-2025-10-24-a-las-12.33.24.png 1866w\" sizes=\"(max-width: 800px) 100vw, 800px\" \/>\t\t\t\t\t\t\t\t\t\t\t\t\t\t\t<\/div>\n\t\t\t\t<\/div>\n\t\t<div class=\"elementor-element elementor-element-2f2b3fc e-con-full e-flex e-con e-child\" data-id=\"2f2b3fc\" data-element_type=\"container\">\n\t\t\t\t<div class=\"elementor-element elementor-element-74bd992 elementor-widget elementor-widget-heading\" data-id=\"74bd992\" data-element_type=\"widget\" data-widget_type=\"heading.default\">\n\t\t\t\t\t<h2 class=\"elementor-heading-title elementor-size-default\">ESTUCOS LUIS PRIETO<\/h2>\t\t\t\t<\/div>\n\t\t\t\t<div class=\"elementor-element elementor-element-fdf760e elementor-widget elementor-widget-heading\" data-id=\"fdf760e\" data-element_type=\"widget\" data-widget_type=\"heading.default\">\n\t\t\t\t\t<h2 class=\"elementor-heading-title elementor-size-default\">ESTUCOS LUIS PRIETO<\/h2>\t\t\t\t<\/div>\n\t\t\t\t<div class=\"elementor-element elementor-element-19716da elementor-widget elementor-widget-text-editor\" data-id=\"19716da\" data-element_type=\"widget\" data-widget_type=\"text-editor.default\">\n\t\t\t\t\t\t\t\t\t<p>Su taller es un espacio donde convergen la investigaci\u00f3n de pigmentos naturales, la pr\u00e1ctica de t\u00e9cnicas centenarias y la innovaci\u00f3n en color y textura. Con m\u00e1s de tres d\u00e9cadas de experiencia, ha trabajado en la restauraci\u00f3n de museos, palacios y teatros emblem\u00e1ticos \u2014como el Museo Rom\u00e1ntico, el Palacio del Marqu\u00e9s de Dos Aguas o el Teatro Clara Eugenia\u2014, y ha colaborado con arquitectos, restauradores y artistas de toda Europa.<\/p><p>Cada proyecto refleja una misma filosof\u00eda: honrar la historia de los materiales y el oficio artesanal, creando espacios que respiran autenticidad, equilibrio y belleza duradera.<\/p>\t\t\t\t\t\t\t\t<\/div>\n\t\t\t\t<\/div>\n\t\t\t\t\t<\/div>\n\t\t\t\t<\/div>\n\t\t<div class=\"elementor-element elementor-element-19b4db1 e-flex e-con-boxed e-con e-parent\" data-id=\"19b4db1\" data-element_type=\"container\" data-settings=\"{&quot;background_background&quot;:&quot;classic&quot;}\">\n\t\t\t\t\t<div class=\"e-con-inner\">\n\t\t\t\t<div class=\"elementor-element elementor-element-56a224a elementor-widget elementor-widget-heading\" data-id=\"56a224a\" data-element_type=\"widget\" data-widget_type=\"heading.default\">\n\t\t\t\t\t<h2 class=\"elementor-heading-title elementor-size-default\">TRABAJOS<\/h2>\t\t\t\t<\/div>\n\t\t\t\t\t<\/div>\n\t\t\t\t<\/div>\n\t\t<div class=\"elementor-element elementor-element-6d43560 e-flex e-con-boxed e-con e-parent\" data-id=\"6d43560\" data-element_type=\"container\" data-settings=\"{&quot;background_background&quot;:&quot;classic&quot;}\">\n\t\t\t\t\t<div class=\"e-con-inner\">\n\t\t\t\t<div class=\"elementor-element elementor-element-2bf2d7c elementor-pagination-type-bullets elementor-arrows-position-inside elementor-pagination-position-outside elementor-widget elementor-widget-n-carousel\" data-id=\"2bf2d7c\" data-element_type=\"widget\" data-settings=\"{&quot;carousel_items&quot;:[{&quot;slide_title&quot;:&quot;Diapositiva n\\u00ba 1&quot;,&quot;_id&quot;:&quot;2124b9a&quot;},{&quot;slide_title&quot;:&quot;Diapositiva n\\u00ba 2&quot;,&quot;_id&quot;:&quot;48dcddd&quot;},{&quot;slide_title&quot;:&quot;Diapositiva n\\u00ba 3&quot;,&quot;_id&quot;:&quot;36384ac&quot;},{&quot;slide_title&quot;:&quot;Diapositiva n\\u00ba 2&quot;,&quot;_id&quot;:&quot;6e07bac&quot;},{&quot;slide_title&quot;:&quot;Diapositiva n\\u00ba 3&quot;,&quot;_id&quot;:&quot;64d4304&quot;},{&quot;slide_title&quot;:&quot;Diapositiva n\\u00ba 3&quot;,&quot;_id&quot;:&quot;f3d71f1&quot;},{&quot;slide_title&quot;:&quot;Diapositiva n\\u00ba 2&quot;,&quot;_id&quot;:&quot;77717a2&quot;}],&quot;slides_to_show_tablet&quot;:&quot;2&quot;,&quot;slides_to_show_mobile&quot;:&quot;1&quot;,&quot;autoplay&quot;:&quot;yes&quot;,&quot;autoplay_speed&quot;:5000,&quot;pause_on_hover&quot;:&quot;yes&quot;,&quot;pause_on_interaction&quot;:&quot;yes&quot;,&quot;infinite&quot;:&quot;yes&quot;,&quot;speed&quot;:500,&quot;offset_sides&quot;:&quot;none&quot;,&quot;arrows&quot;:&quot;yes&quot;,&quot;pagination&quot;:&quot;bullets&quot;,&quot;image_spacing_custom&quot;:{&quot;unit&quot;:&quot;px&quot;,&quot;size&quot;:10,&quot;sizes&quot;:[]},&quot;image_spacing_custom_tablet&quot;:{&quot;unit&quot;:&quot;px&quot;,&quot;size&quot;:&quot;&quot;,&quot;sizes&quot;:[]},&quot;image_spacing_custom_mobile&quot;:{&quot;unit&quot;:&quot;px&quot;,&quot;size&quot;:&quot;&quot;,&quot;sizes&quot;:[]}}\" data-widget_type=\"nested-carousel.default\">\n\t\t\t\t\t\t\t<div class=\"e-n-carousel swiper\" role=\"region\" aria-roledescription=\"carousel\" aria-label=\"Carrusel\" dir=\"ltr\">\n\t\t\t<div class=\"swiper-wrapper\" aria-live=\"off\">\n\t\t\t\t\t\t\t\t\t\t<div class=\"swiper-slide\" data-slide=\"1\" role=\"group\" aria-roledescription=\"slide\" aria-label=\"1 of 7\">\n\t\t\t\t\t\t\t<div class=\"elementor-element elementor-element-cd56214 e-flex e-con-boxed e-con e-child\" data-id=\"cd56214\" data-element_type=\"container\">\n\t\t\t\t\t<div class=\"e-con-inner\">\n\t\t<div class=\"elementor-element elementor-element-e557659 e-con-full e-flex e-con e-child\" data-id=\"e557659\" data-element_type=\"container\">\n\t\t\t\t<div class=\"elementor-element elementor-element-30c2ff8 elementor-widget elementor-widget-image\" data-id=\"30c2ff8\" data-element_type=\"widget\" data-widget_type=\"image.default\">\n\t\t\t\t\t\t\t\t\t\t\t\t\t\t\t<img decoding=\"async\" width=\"773\" height=\"1024\" src=\"https:\/\/pruebas.cursopracticoseo.com\/wp-content\/uploads\/2025\/10\/Captura-de-pantalla-2025-10-24-a-las-12.31.53-773x1024.png\" class=\"attachment-large size-large wp-image-155\" alt=\"\" srcset=\"https:\/\/pruebas.cursopracticoseo.com\/wp-content\/uploads\/2025\/10\/Captura-de-pantalla-2025-10-24-a-las-12.31.53-773x1024.png 773w, https:\/\/pruebas.cursopracticoseo.com\/wp-content\/uploads\/2025\/10\/Captura-de-pantalla-2025-10-24-a-las-12.31.53-227x300.png 227w, https:\/\/pruebas.cursopracticoseo.com\/wp-content\/uploads\/2025\/10\/Captura-de-pantalla-2025-10-24-a-las-12.31.53-768x1017.png 768w, https:\/\/pruebas.cursopracticoseo.com\/wp-content\/uploads\/2025\/10\/Captura-de-pantalla-2025-10-24-a-las-12.31.53.png 882w\" sizes=\"(max-width: 773px) 100vw, 773px\" \/>\t\t\t\t\t\t\t\t\t\t\t\t\t\t\t<\/div>\n\t\t\t\t<\/div>\n\t\t\t\t\t<\/div>\n\t\t\t\t<\/div>\n\t\t\t\t\t\t\t\t<\/div>\n\t\t\t\t\t\t\t\t\t\t\t<div class=\"swiper-slide\" data-slide=\"2\" role=\"group\" aria-roledescription=\"slide\" aria-label=\"2 of 7\">\n\t\t\t\t\t\t\t<div class=\"elementor-element elementor-element-016ba9e e-flex e-con-boxed e-con e-child\" data-id=\"016ba9e\" data-element_type=\"container\">\n\t\t\t\t\t<div class=\"e-con-inner\">\n\t\t\t\t<div class=\"elementor-element elementor-element-8d1f346 elementor-widget elementor-widget-image\" data-id=\"8d1f346\" data-element_type=\"widget\" data-widget_type=\"image.default\">\n\t\t\t\t\t\t\t\t\t\t\t\t\t\t\t<img loading=\"lazy\" decoding=\"async\" width=\"800\" height=\"600\" src=\"https:\/\/pruebas.cursopracticoseo.com\/wp-content\/uploads\/2025\/10\/Restauracion-1024x768.jpg\" class=\"attachment-large size-large wp-image-48\" alt=\"\" srcset=\"https:\/\/pruebas.cursopracticoseo.com\/wp-content\/uploads\/2025\/10\/Restauracion-1024x768.jpg 1024w, https:\/\/pruebas.cursopracticoseo.com\/wp-content\/uploads\/2025\/10\/Restauracion-300x225.jpg 300w, https:\/\/pruebas.cursopracticoseo.com\/wp-content\/uploads\/2025\/10\/Restauracion-768x576.jpg 768w, https:\/\/pruebas.cursopracticoseo.com\/wp-content\/uploads\/2025\/10\/Restauracion-1536x1152.jpg 1536w, https:\/\/pruebas.cursopracticoseo.com\/wp-content\/uploads\/2025\/10\/Restauracion-2048x1536.jpg 2048w\" sizes=\"(max-width: 800px) 100vw, 800px\" \/>\t\t\t\t\t\t\t\t\t\t\t\t\t\t\t<\/div>\n\t\t\t\t\t<\/div>\n\t\t\t\t<\/div>\n\t\t\t\t\t\t\t\t<\/div>\n\t\t\t\t\t\t\t\t\t\t\t<div class=\"swiper-slide\" data-slide=\"3\" role=\"group\" aria-roledescription=\"slide\" aria-label=\"3 of 7\">\n\t\t\t\t\t\t\t<div class=\"elementor-element elementor-element-7ed05f3 e-flex e-con-boxed e-con e-child\" data-id=\"7ed05f3\" data-element_type=\"container\">\n\t\t\t\t\t<div class=\"e-con-inner\">\n\t\t\t\t<div class=\"elementor-element elementor-element-ac095fd elementor-widget elementor-widget-image\" data-id=\"ac095fd\" data-element_type=\"widget\" data-widget_type=\"image.default\">\n\t\t\t\t\t\t\t\t\t\t\t\t\t\t\t<img loading=\"lazy\" decoding=\"async\" width=\"800\" height=\"833\" src=\"https:\/\/pruebas.cursopracticoseo.com\/wp-content\/uploads\/2025\/10\/Captura-de-pantalla-2025-10-24-a-las-12.29.01-984x1024.png\" class=\"attachment-large size-large wp-image-157\" alt=\"\" srcset=\"https:\/\/pruebas.cursopracticoseo.com\/wp-content\/uploads\/2025\/10\/Captura-de-pantalla-2025-10-24-a-las-12.29.01-984x1024.png 984w, https:\/\/pruebas.cursopracticoseo.com\/wp-content\/uploads\/2025\/10\/Captura-de-pantalla-2025-10-24-a-las-12.29.01-288x300.png 288w, https:\/\/pruebas.cursopracticoseo.com\/wp-content\/uploads\/2025\/10\/Captura-de-pantalla-2025-10-24-a-las-12.29.01-768x800.png 768w, https:\/\/pruebas.cursopracticoseo.com\/wp-content\/uploads\/2025\/10\/Captura-de-pantalla-2025-10-24-a-las-12.29.01-1475x1536.png 1475w, https:\/\/pruebas.cursopracticoseo.com\/wp-content\/uploads\/2025\/10\/Captura-de-pantalla-2025-10-24-a-las-12.29.01-1967x2048.png 1967w\" sizes=\"(max-width: 800px) 100vw, 800px\" \/>\t\t\t\t\t\t\t\t\t\t\t\t\t\t\t<\/div>\n\t\t\t\t\t<\/div>\n\t\t\t\t<\/div>\n\t\t\t\t\t\t\t\t<\/div>\n\t\t\t\t\t\t\t\t\t\t\t<div class=\"swiper-slide\" data-slide=\"4\" role=\"group\" aria-roledescription=\"slide\" aria-label=\"4 of 7\">\n\t\t\t\t\t\t\t<div class=\"elementor-element elementor-element-5c8596a e-flex e-con-boxed e-con e-child\" data-id=\"5c8596a\" data-element_type=\"container\">\n\t\t\t\t\t<div class=\"e-con-inner\">\n\t\t\t\t<div class=\"elementor-element elementor-element-80ae3b7 elementor-widget elementor-widget-image\" data-id=\"80ae3b7\" data-element_type=\"widget\" data-widget_type=\"image.default\">\n\t\t\t\t\t\t\t\t\t\t\t\t\t\t\t<img loading=\"lazy\" decoding=\"async\" width=\"800\" height=\"600\" src=\"https:\/\/pruebas.cursopracticoseo.com\/wp-content\/uploads\/2025\/10\/Restauracion-1024x768.jpg\" class=\"attachment-large size-large wp-image-48\" alt=\"\" srcset=\"https:\/\/pruebas.cursopracticoseo.com\/wp-content\/uploads\/2025\/10\/Restauracion-1024x768.jpg 1024w, https:\/\/pruebas.cursopracticoseo.com\/wp-content\/uploads\/2025\/10\/Restauracion-300x225.jpg 300w, https:\/\/pruebas.cursopracticoseo.com\/wp-content\/uploads\/2025\/10\/Restauracion-768x576.jpg 768w, https:\/\/pruebas.cursopracticoseo.com\/wp-content\/uploads\/2025\/10\/Restauracion-1536x1152.jpg 1536w, https:\/\/pruebas.cursopracticoseo.com\/wp-content\/uploads\/2025\/10\/Restauracion-2048x1536.jpg 2048w\" sizes=\"(max-width: 800px) 100vw, 800px\" \/>\t\t\t\t\t\t\t\t\t\t\t\t\t\t\t<\/div>\n\t\t\t\t\t<\/div>\n\t\t\t\t<\/div>\n\t\t\t\t\t\t\t\t<\/div>\n\t\t\t\t\t\t\t\t\t\t\t<div class=\"swiper-slide\" data-slide=\"5\" role=\"group\" aria-roledescription=\"slide\" aria-label=\"5 of 7\">\n\t\t\t\t\t\t\t<div class=\"elementor-element elementor-element-ee22297 e-flex e-con-boxed e-con e-child\" data-id=\"ee22297\" data-element_type=\"container\">\n\t\t\t\t\t<div class=\"e-con-inner\">\n\t\t\t\t<div class=\"elementor-element elementor-element-4848dd9 elementor-widget elementor-widget-image\" data-id=\"4848dd9\" data-element_type=\"widget\" data-widget_type=\"image.default\">\n\t\t\t\t\t\t\t\t\t\t\t\t\t\t\t<img loading=\"lazy\" decoding=\"async\" width=\"800\" height=\"1014\" src=\"https:\/\/pruebas.cursopracticoseo.com\/wp-content\/uploads\/2025\/10\/Captura-de-pantalla-2025-10-24-a-las-12.32.00-808x1024.png\" class=\"attachment-large size-large wp-image-154\" alt=\"\" srcset=\"https:\/\/pruebas.cursopracticoseo.com\/wp-content\/uploads\/2025\/10\/Captura-de-pantalla-2025-10-24-a-las-12.32.00-808x1024.png 808w, https:\/\/pruebas.cursopracticoseo.com\/wp-content\/uploads\/2025\/10\/Captura-de-pantalla-2025-10-24-a-las-12.32.00-237x300.png 237w, https:\/\/pruebas.cursopracticoseo.com\/wp-content\/uploads\/2025\/10\/Captura-de-pantalla-2025-10-24-a-las-12.32.00-768x973.png 768w, https:\/\/pruebas.cursopracticoseo.com\/wp-content\/uploads\/2025\/10\/Captura-de-pantalla-2025-10-24-a-las-12.32.00.png 920w\" sizes=\"(max-width: 800px) 100vw, 800px\" \/>\t\t\t\t\t\t\t\t\t\t\t\t\t\t\t<\/div>\n\t\t\t\t\t<\/div>\n\t\t\t\t<\/div>\n\t\t\t\t\t\t\t\t<\/div>\n\t\t\t\t\t\t\t\t\t\t\t<div class=\"swiper-slide\" data-slide=\"6\" role=\"group\" aria-roledescription=\"slide\" aria-label=\"6 of 7\">\n\t\t\t\t\t\t\t<div class=\"elementor-element elementor-element-5423ac3 e-flex e-con-boxed e-con e-child\" data-id=\"5423ac3\" data-element_type=\"container\">\n\t\t\t\t\t<div class=\"e-con-inner\">\n\t\t\t\t<div class=\"elementor-element elementor-element-5b0f4f6 elementor-widget elementor-widget-image\" data-id=\"5b0f4f6\" data-element_type=\"widget\" data-widget_type=\"image.default\">\n\t\t\t\t\t\t\t\t\t\t\t\t\t\t\t<img loading=\"lazy\" decoding=\"async\" width=\"662\" height=\"1024\" src=\"https:\/\/pruebas.cursopracticoseo.com\/wp-content\/uploads\/2025\/10\/Captura-de-pantalla-2025-10-24-a-las-12.34.24-662x1024.png\" class=\"attachment-large size-large wp-image-139\" alt=\"\" srcset=\"https:\/\/pruebas.cursopracticoseo.com\/wp-content\/uploads\/2025\/10\/Captura-de-pantalla-2025-10-24-a-las-12.34.24-662x1024.png 662w, https:\/\/pruebas.cursopracticoseo.com\/wp-content\/uploads\/2025\/10\/Captura-de-pantalla-2025-10-24-a-las-12.34.24-194x300.png 194w, https:\/\/pruebas.cursopracticoseo.com\/wp-content\/uploads\/2025\/10\/Captura-de-pantalla-2025-10-24-a-las-12.34.24-768x1188.png 768w, https:\/\/pruebas.cursopracticoseo.com\/wp-content\/uploads\/2025\/10\/Captura-de-pantalla-2025-10-24-a-las-12.34.24.png 782w\" sizes=\"(max-width: 662px) 100vw, 662px\" \/>\t\t\t\t\t\t\t\t\t\t\t\t\t\t\t<\/div>\n\t\t\t\t\t<\/div>\n\t\t\t\t<\/div>\n\t\t\t\t\t\t\t\t<\/div>\n\t\t\t\t\t\t\t\t\t\t\t<div class=\"swiper-slide\" data-slide=\"7\" role=\"group\" aria-roledescription=\"slide\" aria-label=\"7 of 7\">\n\t\t\t\t\t\t\t<div class=\"elementor-element elementor-element-2fa5039 e-flex e-con-boxed e-con e-child\" data-id=\"2fa5039\" data-element_type=\"container\">\n\t\t\t\t\t<div class=\"e-con-inner\">\n\t\t\t\t<div class=\"elementor-element elementor-element-c28c380 elementor-widget elementor-widget-image\" data-id=\"c28c380\" data-element_type=\"widget\" data-widget_type=\"image.default\">\n\t\t\t\t\t\t\t\t\t\t\t\t\t\t\t<img loading=\"lazy\" decoding=\"async\" width=\"800\" height=\"600\" src=\"https:\/\/pruebas.cursopracticoseo.com\/wp-content\/uploads\/2025\/10\/Restauracion-1024x768.jpg\" class=\"attachment-large size-large wp-image-48\" alt=\"\" srcset=\"https:\/\/pruebas.cursopracticoseo.com\/wp-content\/uploads\/2025\/10\/Restauracion-1024x768.jpg 1024w, https:\/\/pruebas.cursopracticoseo.com\/wp-content\/uploads\/2025\/10\/Restauracion-300x225.jpg 300w, https:\/\/pruebas.cursopracticoseo.com\/wp-content\/uploads\/2025\/10\/Restauracion-768x576.jpg 768w, https:\/\/pruebas.cursopracticoseo.com\/wp-content\/uploads\/2025\/10\/Restauracion-1536x1152.jpg 1536w, https:\/\/pruebas.cursopracticoseo.com\/wp-content\/uploads\/2025\/10\/Restauracion-2048x1536.jpg 2048w\" sizes=\"(max-width: 800px) 100vw, 800px\" \/>\t\t\t\t\t\t\t\t\t\t\t\t\t\t\t<\/div>\n\t\t\t\t\t<\/div>\n\t\t\t\t<\/div>\n\t\t\t\t\t\t\t\t<\/div>\n\t\t\t\t\t\t\t\t<\/div>\n\t\t<\/div>\n\t\t\t\t\t<div class=\"elementor-swiper-button elementor-swiper-button-prev\" role=\"button\" tabindex=\"0\" aria-label=\"Anterior\">\n\t\t\t\t<svg aria-hidden=\"true\" class=\"e-font-icon-svg e-eicon-chevron-left\" viewBox=\"0 0 1000 1000\" xmlns=\"http:\/\/www.w3.org\/2000\/svg\"><path d=\"M646 125C629 125 613 133 604 142L308 442C296 454 292 471 292 487 292 504 296 521 308 533L604 854C617 867 629 875 646 875 663 875 679 871 692 858 704 846 713 829 713 812 713 796 708 779 692 767L438 487 692 225C700 217 708 204 708 187 708 171 704 154 692 142 675 129 663 125 646 125Z\"><\/path><\/svg>\t\t\t<\/div>\n\t\t\t<div class=\"elementor-swiper-button elementor-swiper-button-next\" role=\"button\" tabindex=\"0\" aria-label=\"Siguiente\">\n\t\t\t\t<svg aria-hidden=\"true\" class=\"e-font-icon-svg e-eicon-chevron-right\" viewBox=\"0 0 1000 1000\" xmlns=\"http:\/\/www.w3.org\/2000\/svg\"><path d=\"M696 533C708 521 713 504 713 487 713 471 708 454 696 446L400 146C388 133 375 125 354 125 338 125 325 129 313 142 300 154 292 171 292 187 292 204 296 221 308 233L563 492 304 771C292 783 288 800 288 817 288 833 296 850 308 863 321 871 338 875 354 875 371 875 388 867 400 854L696 533Z\"><\/path><\/svg>\t\t\t<\/div>\n\t\t\t\t\t<div class=\"swiper-pagination\"><\/div>\n\t\t\t\t\t\t<\/div>\n\t\t\t\t\t<\/div>\n\t\t\t\t<\/div>\n\t\t<div class=\"elementor-element elementor-element-dd93cb0 e-flex e-con-boxed e-con e-parent\" data-id=\"dd93cb0\" data-element_type=\"container\" data-settings=\"{&quot;background_background&quot;:&quot;classic&quot;}\">\n\t\t\t\t\t<div class=\"e-con-inner\">\n\t\t\t\t<div class=\"elementor-element elementor-element-fa759d5 elementor-widget elementor-widget-heading\" data-id=\"fa759d5\" data-element_type=\"widget\" data-widget_type=\"heading.default\">\n\t\t\t\t\t<h2 class=\"elementor-heading-title elementor-size-default\">Premios<\/h2>\t\t\t\t<\/div>\n\t\t\t\t\t<\/div>\n\t\t\t\t<\/div>\n\t\t<div class=\"elementor-element elementor-element-4f3e0c5 e-flex e-con-boxed e-con e-parent\" data-id=\"4f3e0c5\" data-element_type=\"container\" data-settings=\"{&quot;background_background&quot;:&quot;classic&quot;}\">\n\t\t\t\t\t<div class=\"e-con-inner\">\n\t\t<div class=\"elementor-element elementor-element-8461bce e-con-full e-flex e-con e-child\" data-id=\"8461bce\" data-element_type=\"container\">\n\t\t\t\t<div class=\"elementor-element elementor-element-727e2c5 elementor-widget elementor-widget-image\" data-id=\"727e2c5\" data-element_type=\"widget\" data-widget_type=\"image.default\">\n\t\t\t\t\t\t\t\t\t\t\t\t\t\t\t<img loading=\"lazy\" decoding=\"async\" width=\"800\" height=\"377\" src=\"https:\/\/pruebas.cursopracticoseo.com\/wp-content\/uploads\/2025\/11\/prop_premiosdriehausartes23-1024x483.jpg\" class=\"attachment-large size-large wp-image-355\" alt=\"\" srcset=\"https:\/\/pruebas.cursopracticoseo.com\/wp-content\/uploads\/2025\/11\/prop_premiosdriehausartes23-1024x483.jpg 1024w, https:\/\/pruebas.cursopracticoseo.com\/wp-content\/uploads\/2025\/11\/prop_premiosdriehausartes23-300x142.jpg 300w, https:\/\/pruebas.cursopracticoseo.com\/wp-content\/uploads\/2025\/11\/prop_premiosdriehausartes23-768x362.jpg 768w, https:\/\/pruebas.cursopracticoseo.com\/wp-content\/uploads\/2025\/11\/prop_premiosdriehausartes23-600x283.jpg 600w, https:\/\/pruebas.cursopracticoseo.com\/wp-content\/uploads\/2025\/11\/prop_premiosdriehausartes23.jpg 1121w\" sizes=\"(max-width: 800px) 100vw, 800px\" \/>\t\t\t\t\t\t\t\t\t\t\t\t\t\t\t<\/div>\n\t\t\t\t<\/div>\n\t\t<div class=\"elementor-element elementor-element-b2fd625 e-con-full e-flex e-con e-child\" data-id=\"b2fd625\" data-element_type=\"container\">\n\t\t\t\t<\/div>\n\t\t\t\t\t<\/div>\n\t\t\t\t<\/div>\n\t\t\t\t<\/div>\n\t\t","protected":false},"excerpt":{"rendered":"<p>ESTUCOS LUIS PRIETO ESTUCOS LUIS PRIETO SOBRE EL TALLER Desde el coraz\u00f3n de Madrid, Estucos Luis Prieto mantiene viva una tradici\u00f3n familiar que combina arte, t\u00e9cnica y respeto por los materiales. Nacido en Le\u00f3n y formado en algunos de los centros m\u00e1s prestigiosos de Europa \u2014como el Instituto Van der Kelen de Bruselas o Les [&hellip;]<\/p>\n","protected":false},"author":1,"featured_media":0,"parent":0,"menu_order":0,"comment_status":"closed","ping_status":"closed","template":"","meta":{"footnotes":""},"class_list":["post-8","page","type-page","status-publish","hentry"],"_links":{"self":[{"href":"https:\/\/pruebas.cursopracticoseo.com\/index.php\/wp-json\/wp\/v2\/pages\/8","targetHints":{"allow":["GET"]}}],"collection":[{"href":"https:\/\/pruebas.cursopracticoseo.com\/index.php\/wp-json\/wp\/v2\/pages"}],"about":[{"href":"https:\/\/pruebas.cursopracticoseo.com\/index.php\/wp-json\/wp\/v2\/types\/page"}],"author":[{"embeddable":true,"href":"https:\/\/pruebas.cursopracticoseo.com\/index.php\/wp-json\/wp\/v2\/users\/1"}],"replies":[{"embeddable":true,"href":"https:\/\/pruebas.cursopracticoseo.com\/index.php\/wp-json\/wp\/v2\/comments?post=8"}],"version-history":[{"count":83,"href":"https:\/\/pruebas.cursopracticoseo.com\/index.php\/wp-json\/wp\/v2\/pages\/8\/revisions"}],"predecessor-version":[{"id":359,"href":"https:\/\/pruebas.cursopracticoseo.com\/index.php\/wp-json\/wp\/v2\/pages\/8\/revisions\/359"}],"wp:attachment":[{"href":"https:\/\/pruebas.cursopracticoseo.com\/index.php\/wp-json\/wp\/v2\/media?parent=8"}],"curies":[{"name":"wp","href":"https:\/\/api.w.org\/{rel}","templated":true}]}}